e the greatest common factor of 36 and v.
9
Let f = -358 - -565. Suppose 0 = -v - 5*l - 2, -l - 94 = -5*v - 0*l. What is the greatest common divisor of f and v?
9
Suppose -110*p + 33681 + 14731 = 72*p. What is the greatest common divisor of p and 350?
14
Let o(z) = -2*z**2 - z + 6. Let g be o(0). Let w(n) = 4*n**2 - 7*n + 8. Let t be w(g). Let y = -50 + t. Calculate the highest common factor of 10 and y.
10
Let o(k) = 34*k - 212. Let q(g) = g**3 + 9*g**2 - 3*g - 17. Let z be q(-9). Let s be o(z). What is the highest common factor of 96 and s?
32
Let w be 31 - ((-2)/(-9) - (49/(-63) - -6)). Suppose 3*i - 336 - 150 = 0. Calculate the highest common factor of i and w.
18
Let r be 18/36 - (-59)/2. What is the highest common divisor of 3910 and r?
10
Let c = -742 + 742. Suppose -2*j - 7*j + 1089 = c. Calculate the greatest common factor of j and 22.
11
Suppose -3*f = -5*h + 169 - 426, 88 = f - 4*h. Suppose 88*p + 8 = f*p, 5*n - 3*p - 16 = 0. What is the highest common factor of 16 and n?
2
Suppose 0 = 2*k + 30*f - 27*f - 100, 0 = 2*k + 2*f - 100. What is the greatest common divisor of 150 and k?
50
Suppose 0 = 6*t + 82*t - 1584. What is the greatest common divisor of t and 38?
2
Let a(u) = -64*u**3 - u**2 + 4*u + 4. Let s(h) = -12*h - 109. Let o be s(-9). Let m be a(o). Let z = -7 + 28. What is the greatest common factor of m and z?
21
Suppose -3*k + 65 = -124. Let j be -1*(1 + -2 + -4). Suppose 6*p - p + 3*i - k = 0, -62 = -j*p - 2*i. What is the highest common divisor of 108 and p?
12
Let q = 93543 + -93536. Let d = -496 + 755. What is the greatest common divisor of d and q?
7
Let n(a) = 225*a**2 + 56*a + 4. Let b be n(-4). Calculate the greatest common factor of 20 and b.
20
Let f = -1819 + 1851. What is the greatest common factor of 38 and f?
2
Let g(d) = 18*d**2 - 6*d + 4. Let o be g(2). Let z be 3159/(-26)*(-2)/3 + -1. What is the greatest common factor of o and z?
16
Let h = 14979 + -10526. What is the greatest common factor of 122 and h?
61
Let x = 320 - 317. Suppose x*a = -o + 484, -5*o - 30*a + 32*a = -2471. Calculate the greatest common factor of o and 29.
29
Let j = 6 + -4. Suppose -24*m - 743 = -29*m + w, 4*w + 141 = m. Suppose c = 2*r - m, j*r + c - 148 = 3. Calculate the greatest common factor of r and 25.
25
Let z = 6845 - 4170. What is the highest common divisor of z and 75?
25
Let u be 9/1 - (-1)/((-5)/20). Let r be u/((-7)/(-7)) - 1. Calculate the highest common factor of 5 and r.
1
Let p(k) = 26*k**3 + 4*k**2 + 4*k + 3. Let o be p(3). Let r = o + -354. What is the highest common divisor of r and 21?
21
Suppose 0 = 3*a + 156*v - 158*v - 512, 3*a - 484 = -5*v. Calculate the greatest common factor of a and 2436.
84
Let z = 4153 + -4108. Calculate the highest common factor of z and 288.
9
Let u = 5556 + -5538. What is the highest common factor of u and 3726?
18
Let f(l) = -2*l**2 + 149*l - 1616. Let g be f(53). Calculate the highest common factor of g and 1560.
39
Suppose 0*m - 59 = -5*s + m, -8 = 2*m. Suppose -8*d + s*d = -3*n + 69, -13 = -n - 3*d. Calculate the highest common divisor of 35 and n.
7
Let g(c) = 5*c**2 - 26*c - 82. Let s be g(9). Calculate the greatest common factor of s and 20381.
89
Let d(u) = -1123*u - 97. Let l be d(-5). Calculate the greatest common factor of l and 31.
31
Let c be 2*-2 - (-69 + -18 + 44). Let n be (40/(-12))/(-2)*117. Calculate the highest common factor of c and n.
39
Suppose -p = -3*z - z - 67, 0 = -3*p - 5*z + 167. Suppose -c = -m + 3*c + p, -4*c - 161 = -3*m. What is the highest common factor of 51 and m?
51
Suppose 6*w + 60 = 4*s, 33 = 3*s - 1103*w + 1100*w. Let m be (1 + -10 + 3)/(-1). Calculate the highest common factor of m and s.
3
Suppose v = -2*q + 144, 5*q = -0*v + v + 360. Let y be (3/5)/((-80)/1200). Let u be y*(-1)/(0 - (4 - 5)). What is the highest common divisor of q and u?
9
Let j = 941 - 976. Let x = j - -294. What is the greatest common divisor of x and 148?
37
Let v be (-3 - 4/(24/(-21)))/((-477)/(-91584)). Calculate the greatest common factor of v and 11936.
32
Suppose -16*m - 4*m = -11540. Let h = 1193 - m. Calculate the greatest common divisor of 56 and h.
56
Suppose -217*s = -169*s - 27360. Calculate the highest common factor of 5 and s.
5
Let y = 180 + -1375. Let x = y - -841. Let o = -199 - x. Calculate the greatest common factor of o and 31.
31
Let d(j) = j**2 + 9*j + 112. Let q be d(8). What is the greatest common factor of 527 and q?
31
Let y be (51262 + (-12 - -4))*(-4 + 27/6). Calculate the greatest common divisor of y and 49.
49
Let q(p) = -8*p - 2. Let s be q(4). Let b = -52 - s. Let i be (-537)/b + (-2)/(-12). Calculate the greatest common divisor of 5 and i.
5
Let u = 102340 - 102305. Suppose 0 = -m - 4*c + 237, 0*m - 3*c = -4*m + 986. What is the highest common factor of u and m?
35
Suppose 1729 = 6*i - 10271. What is the highest common factor of i and 160?
80
Let w be 1 - (-6)/(-4)*(-40)/6. Suppose 2 - w = -3*z. What is the greatest common divisor of 93 and z?
3
Suppose -18*j - 2139 - 2559 = 0. Let r = j - -271. Calculate the greatest common factor of 100 and r.
10
Let k = 4399 + -4387. Calculate the greatest common divisor of k and 252.
12
Let i(h) = -h**3 - 6*h**2 + 4*h + 28. Let u be i(-6). Suppose 145 = -u*p + 525. What is the highest common factor of 76 and p?
19
Let y(q) = -q**3 - 3*q**2 - 14*q - 89. Let n be y(-7). Let d = -2 - -3. Let p be -1*((-39)/d + -2). Calculate the highest common divisor of n and p.
41
Suppose y + 3*t = -0*t - 3, 4*y + 4*t = -4. Suppose w + 120 = 3*w - 3*l, 2*w - 2*l - 122 = y. What is the highest common divisor of 42 and w?
21
Suppose 0 = 8*u - 6*u + 642. Suppose -h - 545 = 4*n, 2*n - 2681 = 5*h - 0*n. Let b = u - h. What is the greatest common factor of b and 27?
27
Suppose 3*y + 27104 = 34*y - 2346. What is the highest common factor of 7885 and y?
95
Suppose 35 = 8*f + 3. Suppose -5*y - f - 6 = -5*l, -3*l = -y - 10. Let o be 14/(-56) + 253/l. Calculate the greatest common factor of o and 9.
9
Let b = 23 - 4. Suppose 115 = l + 113. Calculate the greatest common divisor of b and l.
1
Let c(o) = -5*o + 92. Let x be c(19). Let f be 1127/28 - (x/(-1))/12. Calculate the highest common factor of f and 32.
8
Let c be 2 - (0 - 1) - (-3 + -52). Let z = 63 - c. Suppose 2*f + t - 309 = 0, t - 767 = -z*f - 2. Calculate the highest common factor of 38 and f.
38
Let b(i) = i + 54. Let g be b(-18). Let c be 5/(100/8)*30. What is the highest common factor of c and g?
12
Let v = -11428 + 12250. What is the highest common factor of v and 9?
3
Let q(g) = g**3 + 16*g**2 + 60*g + 64. Let o be q(-6). Calculate the highest common factor of 904 and o.
8
Let k(x) = -x**3 + 7*x**2 + 8*x + 6. Let z be k(7). Let l be 155/(-65)*(-39)/3. Calculate the highest common factor of z and l.
31
Let d be 3/((-75700)/(-10810) + -7). What is the highest common divisor of 188 and d?
47
Suppose 0 = 4*l + 19*w - 23*w - 21716, 5*l - 27148 = 4*w. Calculate the greatest common factor of l and 112.
56
Let k = -3655 + 3658. What is the greatest common factor of 93 and k?
3
Suppose 2*r - 71 = -19. Let h(n) = 19*n - 5*n - 6 - 3*n. Let c be h(10). What is the greatest common divisor of c and r?
26
Let m(u) be the second derivative of -3*u**3/2 + 57*u**2/2 + 133*u. Let x be m(-10). What is the highest common factor of 42 and x?
21
Let n(a) = -a**3 - 129*a**2 - 249*a + 699. Let r be n(-127). What is the greatest common factor of r and 44?
4
Let t = 18 - 58. Let k be (81/(-15) - 1)/(2/t). Calculate the greatest common divisor of 8 and k.
8
Let o be (-3)/(-9) + 8610/(-18). Let r = o - -775. Calculate the greatest common factor of r and 9.
9
Suppose 4*r + h - 155 = -21, 3*h - 39 = -r. Let p = 37 - r. Suppose 20 = -0*o + p*o. Calculate the highest common factor of o and 20.
5
Suppose 0 = -4*k - 2*i - 0*i + 152, 4*k - 152 = 4*i. Let r = -3848 - -3867. What is the highest common divisor of k and r?
19
Let y(g) = -7*g**2 - 188*g - 185. Let h be y(-24). Calculate the greatest common factor of h and 2537.
59
Let v be 3463/5 + (222/30 - 7). Calculate the highest common divisor of 2233 and v.
77
Let r(u) = 24*u**2 + 398*u + 194. Let z be r(-27). What is the greatest common factor of z and 31?
31
Let f = 7 + -3. Suppose 2*h = f*h - 30. Let m(n) = -158*n + 23775. Let i be m(150). What 